{"id":3707,"date":"2023-08-29T11:07:48","date_gmt":"2023-08-29T10:07:48","guid":{"rendered":"https:\/\/univ-maroua.com\/fseg\/?page_id=3707"},"modified":"2024-01-14T22:52:05","modified_gmt":"2024-01-14T21:52:05","slug":"licence-professionnelle","status":"publish","type":"page","link":"https:\/\/univ-maroua.com\/fseg\/formations\/offres-de-formation\/licence-professionnelle\/","title":{"rendered":"Licence Professionnelle"},"content":{"rendered":"<p><a href=\"https:\/\/univ-maroua.com\/fseg\/wp-content\/uploads\/2024\/01\/Brochure-L3CF_2023-2024.pdf\" target=\"_blank\" rel=\"noopener\">\u00a0\u00a0\u00a0\u00a0\u00a0\u00a0\u00a0\u00a0\u00a0\u00a0\u00a0\u00a0\u00a0\u00a0 Brochure L3CF_2023-2024<\/a> \u00a0\u00a0 \u00a0\u00a0 \u00a0\u00a0 \u00a0\u00a0 <a href=\"https:\/\/univ-maroua.com\/fseg\/wp-content\/uploads\/2024\/01\/Brochure-L3MCV_2023-2024.pdf\" target=\"_blank\" rel=\"noopener\">Brochure L3MCV_2023-2024<\/a> \u00a0 \u00a0 \u00a0 \u00a0 \u00a0\u00a0 <a href=\"https:\/\/univ-maroua.com\/fseg\/wp-content\/uploads\/2024\/01\/Brochure-L3ECEM_PME-PMI_2023-2024.pdf\" target=\"_blank\" rel=\"noopener\">Brochure L3ECEM_PME-PMI_2023-2024<\/a><\/p>\n<p>&nbsp;<\/p>\n<p><a href=\"https:\/\/univ-maroua.com\/fseg\/resultats-session-de-rattrapage-1er-semestre-2019-2020\/\"><img fetchpriority=\"high\" decoding=\"async\" src=\"https:\/\/univ-maroua.com\/fseg\/wp-content\/uploads\/2017\/02\/06-1.jpg\" sizes=\"(max-width: 1008px) 100vw, 1008px\" srcset=\"https:\/\/univ-maroua.com\/fseg\/wp-content\/uploads\/2017\/02\/06-1.jpg 1008w, https:\/\/univ-maroua.com\/fseg\/wp-content\/uploads\/2017\/02\/06-1-300x225.jpg 300w, https:\/\/univ-maroua.com\/fseg\/wp-content\/uploads\/2017\/02\/06-1-768x576.jpg 768w\" alt=\"\" width=\"1008\" height=\"756\" \/><\/a><\/p>\n<ul>\n<li><img decoding=\"async\" class=\"avatar avatar-20 photo\" src=\"https:\/\/secure.gravatar.com\/avatar\/e2e7c36ef1803eccbab3deb2cbb68f4c?s=20&amp;d=mm&amp;r=g\" srcset=\"https:\/\/secure.gravatar.com\/avatar\/e2e7c36ef1803eccbab3deb2cbb68f4c?s=40&amp;d=mm&amp;r=g 2x\" alt=\"\" width=\"20\" height=\"20\" \/><br \/>\nadmin<\/li>\n<li>Commentaire (0)<\/li>\n<\/ul>\n<h2><a href=\"https:\/\/univ-maroua.com\/fseg\/resultats-session-de-rattrapage-1er-semestre-2019-2020\/\">R\u00e9sultats Session de rattrapage 1er Semestre 2019\/2020<\/a><\/h2>\n<p>Niveau Fili\u00e8re T\u00e9l\u00e9charger 1 MCV 1 Semestre 1 2019-2020 2 MCV 2 Semestre 1 2019-2020 3 MCV 3 Semestre 1<\/p>\n<p><a href=\"https:\/\/univ-maroua.com\/fseg\/resultats-et-palmares-2019\/\"><img decoding=\"async\" src=\"https:\/\/univ-maroua.com\/fseg\/wp-content\/uploads\/2017\/02\/03-1-1.jpg\" sizes=\"(max-width: 1008px) 100vw, 1008px\" srcset=\"https:\/\/univ-maroua.com\/fseg\/wp-content\/uploads\/2017\/02\/03-1-1.jpg 1008w, https:\/\/univ-maroua.com\/fseg\/wp-content\/uploads\/2017\/02\/03-1-1-300x225.jpg 300w, https:\/\/univ-maroua.com\/fseg\/wp-content\/uploads\/2017\/02\/03-1-1-768x576.jpg 768w\" alt=\"\" width=\"1008\" height=\"756\" \/><\/a><\/p>\n<ul>\n<li><img decoding=\"async\" class=\"avatar avatar-20 photo\" src=\"https:\/\/secure.gravatar.com\/avatar\/e2e7c36ef1803eccbab3deb2cbb68f4c?s=20&amp;d=mm&amp;r=g\" srcset=\"https:\/\/secure.gravatar.com\/avatar\/e2e7c36ef1803eccbab3deb2cbb68f4c?s=40&amp;d=mm&amp;r=g 2x\" alt=\"\" width=\"20\" height=\"20\" \/><br \/>\nadmin<\/li>\n<li>Commentaire (0)<\/li>\n<\/ul>\n<h2><a href=\"https:\/\/univ-maroua.com\/fseg\/resultats-et-palmares-2019\/\">R\u00e9sultats et Palmar\u00e8s 2019<\/a><\/h2>\n<p><a href=\"https:\/\/univ-maroua.com\/fseg\/la-fseg-de-luniv-maroua-vous-souhaite-une-bonne-rentree-academique-2019-2020\/\"><img loading=\"lazy\" decoding=\"async\" src=\"https:\/\/univ-maroua.com\/fseg\/wp-content\/uploads\/2017\/01\/01-1-1.jpg\" sizes=\"(max-width: 1080px) 100vw, 1080px\" srcset=\"https:\/\/univ-maroua.com\/fseg\/wp-content\/uploads\/2017\/01\/01-1-1.jpg 1080w, https:\/\/univ-maroua.com\/fseg\/wp-content\/uploads\/2017\/01\/01-1-1-300x225.jpg 300w, https:\/\/univ-maroua.com\/fseg\/wp-content\/uploads\/2017\/01\/01-1-1-1024x767.jpg 1024w, https:\/\/univ-maroua.com\/fseg\/wp-content\/uploads\/2017\/01\/01-1-1-768x575.jpg 768w\" alt=\"\" width=\"1080\" height=\"809\" \/><\/a><\/p>\n<ul>\n<li><img decoding=\"async\" class=\"avatar avatar-20 photo\" src=\"https:\/\/secure.gravatar.com\/avatar\/e2e7c36ef1803eccbab3deb2cbb68f4c?s=20&amp;d=mm&amp;r=g\" srcset=\"https:\/\/secure.gravatar.com\/avatar\/e2e7c36ef1803eccbab3deb2cbb68f4c?s=40&amp;d=mm&amp;r=g 2x\" alt=\"\" width=\"20\" height=\"20\" \/><br \/>\nadmin<\/li>\n<li>Commentaire (0)<\/li>\n<\/ul>\n<h2><a href=\"https:\/\/univ-maroua.com\/fseg\/la-fseg-de-luniv-maroua-vous-souhaite-une-bonne-rentree-academique-2019-2020\/\">La FSEG de l\u2019Univ-Maroua vous souhaite une bonne<\/a><\/h2>\n<p>&nbsp;<\/p>\n<ul>\n<li><img decoding=\"async\" class=\"avatar avatar-20 photo\" src=\"https:\/\/secure.gravatar.com\/avatar\/e2e7c36ef1803eccbab3deb2cbb68f4c?s=20&amp;d=mm&amp;r=g\" srcset=\"https:\/\/secure.gravatar.com\/avatar\/e2e7c36ef1803eccbab3deb2cbb68f4c?s=40&amp;d=mm&amp;r=g 2x\" alt=\"\" width=\"20\" height=\"20\" \/><br \/>\nadmin<\/li>\n<li>Commentaire (0)<\/li>\n<\/ul>\n<h2><a href=\"https:\/\/univ-maroua.com\/fseg\/resultats-academiques-2017-2018-semestre-1\/\">R\u00e9sultats acad\u00e9miques 2017\/2018 Semestre 1<\/a><\/h2>\n<p>Niveau Fili\u00e8re T\u00e9l\u00e9charger 1 MCV 1 Semestre 1 2017\/2018 2 MCV 2 Semestre 1 2017\/2018 3 MCV 3 Semestre 1<\/p>\n<p><a href=\"https:\/\/univ-maroua.com\/fseg\/resultats-session-normale-master-pro-2018-2019-semestre-1\/\"><img fetchpriority=\"high\" decoding=\"async\" src=\"https:\/\/univ-maroua.com\/fseg\/wp-content\/uploads\/2017\/02\/06-1.jpg\" sizes=\"(max-width: 1008px) 100vw, 1008px\" srcset=\"https:\/\/univ-maroua.com\/fseg\/wp-content\/uploads\/2017\/02\/06-1.jpg 1008w, https:\/\/univ-maroua.com\/fseg\/wp-content\/uploads\/2017\/02\/06-1-300x225.jpg 300w, https:\/\/univ-maroua.com\/fseg\/wp-content\/uploads\/2017\/02\/06-1-768x576.jpg 768w\" alt=\"\" width=\"1008\" height=\"756\" \/><\/a><\/p>\n<ul>\n<li><img decoding=\"async\" class=\"avatar avatar-20 photo\" src=\"https:\/\/secure.gravatar.com\/avatar\/e2e7c36ef1803eccbab3deb2cbb68f4c?s=20&amp;d=mm&amp;r=g\" srcset=\"https:\/\/secure.gravatar.com\/avatar\/e2e7c36ef1803eccbab3deb2cbb68f4c?s=40&amp;d=mm&amp;r=g 2x\" alt=\"\" width=\"20\" height=\"20\" \/><br \/>\nadmin<\/li>\n<li>Commentaire (0)<\/li>\n<\/ul>\n<h2><a href=\"https:\/\/univ-maroua.com\/fseg\/resultats-session-normale-master-pro-2018-2019-semestre-1\/\">R\u00e9sultats Session Normale Master Pro 2018-2019 Semestre 1<\/a><\/h2>\n<p>Niveau Fili\u00e8re T\u00e9l\u00e9charger 1 M1AE Semestre 1 2018-2019 1 M1GRH Semestre 1 2018-2019<\/p>\n","protected":false},"excerpt":{"rendered":"<p>\u00a0\u00a0\u00a0\u00a0\u00a0\u00a0\u00a0\u00a0\u00a0\u00a0\u00a0\u00a0\u00a0\u00a0 Brochure L3CF_2023-2024 \u00a0\u00a0 \u00a0\u00a0 \u00a0\u00a0 \u00a0\u00a0 Brochure L3MCV_2023-2024 \u00a0 \u00a0 \u00a0 \u00a0 \u00a0\u00a0 Brochure L3ECEM_PME-PMI_2023-2024 &nbsp; admin Commentaire (0) R\u00e9sultats Session de rattrapage 1er Semestre 2019\/2020 Niveau Fili\u00e8re T\u00e9l\u00e9charger 1 MCV 1 Semestre 1 2019-2020 2 MCV 2 Semestre 1 2019-2020 3 MCV 3 Semestre 1 admin Commentaire (0) R\u00e9sultats et Palmar\u00e8s 2019 admin [&hellip;]<\/p>\n","protected":false},"author":1,"featured_media":0,"parent":3214,"menu_order":0,"comment_status":"closed","ping_status":"closed","template":"magezix-template.php","meta":{"inline_featured_image":false,"footnotes":""},"class_list":["post-3707","page","type-page","status-publish","hentry"],"_links":{"self":[{"href":"https:\/\/univ-maroua.com\/fseg\/wp-json\/wp\/v2\/pages\/3707","targetHints":{"allow":["GET"]}}],"collection":[{"href":"https:\/\/univ-maroua.com\/fseg\/wp-json\/wp\/v2\/pages"}],"about":[{"href":"https:\/\/univ-maroua.com\/fseg\/wp-json\/wp\/v2\/types\/page"}],"author":[{"embeddable":true,"href":"https:\/\/univ-maroua.com\/fseg\/wp-json\/wp\/v2\/users\/1"}],"replies":[{"embeddable":true,"href":"https:\/\/univ-maroua.com\/fseg\/wp-json\/wp\/v2\/comments?post=3707"}],"version-history":[{"count":8,"href":"https:\/\/univ-maroua.com\/fseg\/wp-json\/wp\/v2\/pages\/3707\/revisions"}],"predecessor-version":[{"id":3932,"href":"https:\/\/univ-maroua.com\/fseg\/wp-json\/wp\/v2\/pages\/3707\/revisions\/3932"}],"up":[{"embeddable":true,"href":"https:\/\/univ-maroua.com\/fseg\/wp-json\/wp\/v2\/pages\/3214"}],"wp:attachment":[{"href":"https:\/\/univ-maroua.com\/fseg\/wp-json\/wp\/v2\/media?parent=3707"}],"curies":[{"name":"wp","href":"https:\/\/api.w.org\/{rel}","templated":true}]}}