{"id":3290,"date":"2023-04-20T18:27:36","date_gmt":"2023-04-20T17:27:36","guid":{"rendered":"https:\/\/univ-maroua.com\/fseg\/?page_id=3290"},"modified":"2024-03-16T10:00:06","modified_gmt":"2024-03-16T09:00:06","slug":"requetes","status":"publish","type":"page","link":"https:\/\/univ-maroua.com\/fseg\/etudiants\/requetes\/","title":{"rendered":"R\u00e9sultats Requ\u00eates"},"content":{"rendered":"<section><\/section>\n<section><\/section>\n<section>\n<section>\n<h4><span style=\"color: #008080;\"><strong><em>R\u00c9SULTATS DES REQU\u00caTES S1SR 2023-2024<\/em><\/strong><\/span><\/h4>\n<p><a href=\"https:\/\/univ-maroua.com\/fseg\/wp-content\/uploads\/2024\/03\/L1EG-RESULTATS-REQUETES-S1SR-2023-2024.pdf\" target=\"_blank\" rel=\"noopener\">L1EG-RESULTATS REQUETES-S1SR-2023-2024<\/a><\/p>\n<p><a href=\"https:\/\/univ-maroua.com\/fseg\/wp-content\/uploads\/2024\/03\/L2EG-RESULTATS-REQUETES-S1SR-2023-2024.pdf\" target=\"_blank\" rel=\"noopener\">L2EG-RESULTATS REQUETES-S1SR-2023-2024<\/a><\/p>\n<p><a href=\"https:\/\/univ-maroua.com\/fseg\/wp-content\/uploads\/2024\/03\/L3CF-RESULTATS-REQUETES-S1SR-2023-2024.pdf\" target=\"_blank\" rel=\"noopener\">L3CF-RESULTATS REQUETES-S1SR-2023-2024<\/a><\/p>\n<p><a href=\"https:\/\/univ-maroua.com\/fseg\/wp-content\/uploads\/2024\/03\/L3EG-RESULTATS-REQUETES-S1SR-2023-2024.pdf\" target=\"_blank\" rel=\"noopener\">L3EG-RESULTATS REQUETES-S1SR-2023-2024<\/a><\/p>\n<p><a href=\"https:\/\/univ-maroua.com\/fseg\/wp-content\/uploads\/2024\/03\/L3MCV-RESULTATS-REQUETES-S1SR-2023-2024.pdf\" target=\"_blank\" rel=\"noopener\">L3MCV-RESULTATS REQUETES-S1SR-2023-2024<\/a><\/p>\n<p><a href=\"https:\/\/univ-maroua.com\/fseg\/wp-content\/uploads\/2024\/03\/M1EA-RESULTATS-REQUETES-S1SR-2023-2024.pdf\" target=\"_blank\" rel=\"noopener\">M1EA-RESULTATS REQUETES-S1SR-2023-2024<\/a><\/p>\n<p><a href=\"https:\/\/univ-maroua.com\/fseg\/wp-content\/uploads\/2024\/03\/M1MO-RESULTATS-REQUETES-S1SR-2023-2024.pdf\" target=\"_blank\" rel=\"noopener\">M1MO-RESULTATS REQUETES-S1SR-2023-2024<\/a><\/p>\n<p>&nbsp;<\/p>\n<h4><span style=\"color: #008080;\"><strong><em>R\u00c9SULTATS DES REQU\u00caTES S1SN 2023-2024<\/em><\/strong><\/span><\/h4>\n<hr \/>\n<\/section>\n<section><a href=\"https:\/\/univ-maroua.com\/fseg\/wp-content\/uploads\/2024\/02\/L1EG-RESULTATS-REQUETES-SNS1-2023-2024.pdf\">*L1EG-RESULTATS REQUETES-SNS1-2023-2024<\/a><\/section>\n<section><a href=\"https:\/\/univ-maroua.com\/fseg\/wp-content\/uploads\/2024\/01\/L2EG-RESULTATS-REQUETES-SNS1-2023-2024.pdf\">L2EG-RESULTATS REQUETES-SNS1-2023-2024<\/a><\/section>\n<section>*<a href=\"https:\/\/univ-maroua.com\/fseg\/wp-content\/uploads\/2024\/02\/L3CF-RESULTATS-REQUETES-SNS1-2023-2024.pdf\">L3CF-RESULTATS REQUETES-SNS1-2023-2024<\/a>\u00a0<\/section>\n<section><a href=\"https:\/\/univ-maroua.com\/fseg\/wp-content\/uploads\/2024\/01\/L3ECEM-RESULTATS-REQUETES-SNS1-2023-2024.pdf\">L3ECEM-RESULTATS REQUETES-SNS1-2023-2024<\/a><\/section>\n<section><a href=\"https:\/\/univ-maroua.com\/fseg\/wp-content\/uploads\/2024\/01\/L3EG-RESULTATS-REQUETES-SNS1-2023-2024.pdf\">L3EG-RESULTATS REQUETES-SNS1-2023-2024<\/a><\/section>\n<section><a href=\"https:\/\/univ-maroua.com\/fseg\/wp-content\/uploads\/2024\/01\/L3MCV-RESULTATS-REQUETES-SNS1-2023-2024.pdf\">L3MCV-RESULTATS REQUETES-SNS1-2023-2024<\/a><\/section>\n<section><a href=\"https:\/\/univ-maroua.com\/fseg\/wp-content\/uploads\/2024\/01\/M1EA-RESULTATS-REQUETES-SNS1-2023-2024.pdf\">M1EA-RESULTATS REQUETES-SNS1-2023-2024<\/a><\/section>\n<section><a href=\"https:\/\/univ-maroua.com\/fseg\/wp-content\/uploads\/2024\/01\/M1MO-RESULTATS-REQUETES-SNS1-2023-2024.pdf\">M1MO-RESULTATS REQUETES-SNS1-2023-2024<\/a><\/section>\n<hr \/>\n<section><\/section>\n<section><\/section>\n<\/section>\n<section><\/section>\n<section><\/section>\n<section><\/section>\n<section><\/section>\n<section><!-- Breadcrumb NavXT 7.2.0 --><a title=\"Go to FSEG -Universit\u00e9 de Maroua.\" href=\"https:\/\/univ-maroua.com\/fseg\">FSEG -Universit\u00e9 de Maroua<\/a><\/section>\n<section><\/section>\n<section><\/section>\n<style>\/*! elementor - v3.12.1 - 02-04-2023 *\/<br \/>.elementor-heading-title{padding:0;margin:0;line-height:1}.elementor-widget-heading .elementor-heading-title[class*=elementor-size-]>a{color:inherit;font-size:inherit;line-height:inherit}.elementor-widget-heading .elementor-heading-title.elementor-size-small{font-size:15px}.elementor-widget-heading .elementor-heading-title.elementor-size-medium{font-size:19px}.elementor-widget-heading .elementor-heading-title.elementor-size-large{font-size:29px}.elementor-widget-heading .elementor-heading-title.elementor-size-xl{font-size:39px}.elementor-widget-heading .elementor-heading-title.elementor-size-xxl{font-size:59px}<\/style>\n<h2>Informations<\/h2>\n<h2>Actualit\u00e9s<\/h2>\n<p><a href=\"https:\/\/univ-maroua.com\/fseg\/resultats-session-de-rattrapage-1er-semestre-2019-2020\/\"><img fetchpriority=\"high\" decoding=\"async\" src=\"https:\/\/univ-maroua.com\/fseg\/wp-content\/uploads\/2017\/02\/06-1.jpg\" sizes=\"(max-width: 1008px) 100vw, 1008px\" srcset=\"https:\/\/univ-maroua.com\/fseg\/wp-content\/uploads\/2017\/02\/06-1.jpg 1008w, https:\/\/univ-maroua.com\/fseg\/wp-content\/uploads\/2017\/02\/06-1-300x225.jpg 300w, https:\/\/univ-maroua.com\/fseg\/wp-content\/uploads\/2017\/02\/06-1-768x576.jpg 768w\" alt=\"\" width=\"1008\" height=\"756\" \/><\/a><\/p>\n<ul>\n<li><img decoding=\"async\" class=\"avatar avatar-20 photo\" src=\"https:\/\/secure.gravatar.com\/avatar\/e2e7c36ef1803eccbab3deb2cbb68f4c?s=20&amp;d=mm&amp;r=g\" srcset=\"https:\/\/secure.gravatar.com\/avatar\/e2e7c36ef1803eccbab3deb2cbb68f4c?s=40&amp;d=mm&amp;r=g 2x\" alt=\"\" width=\"20\" height=\"20\" \/><br \/>\nadmin<\/li>\n<li>Commentaire (0)<\/li>\n<\/ul>\n<h2><a href=\"https:\/\/univ-maroua.com\/fseg\/resultats-session-de-rattrapage-1er-semestre-2019-2020\/\">R\u00e9sultats Session de rattrapage 1er Semestre 2019\/2020<\/a><\/h2>\n<p>Niveau Fili\u00e8re T\u00e9l\u00e9charger 1 MCV 1 Semestre 1 2019-2020 2 MCV 2 Semestre 1 2019-2020 3 MCV 3 Semestre 1<\/p>\n<p><a href=\"https:\/\/univ-maroua.com\/fseg\/resultats-et-palmares-2019\/\"><img decoding=\"async\" src=\"https:\/\/univ-maroua.com\/fseg\/wp-content\/uploads\/2017\/02\/03-1-1.jpg\" sizes=\"(max-width: 1008px) 100vw, 1008px\" srcset=\"https:\/\/univ-maroua.com\/fseg\/wp-content\/uploads\/2017\/02\/03-1-1.jpg 1008w, https:\/\/univ-maroua.com\/fseg\/wp-content\/uploads\/2017\/02\/03-1-1-300x225.jpg 300w, https:\/\/univ-maroua.com\/fseg\/wp-content\/uploads\/2017\/02\/03-1-1-768x576.jpg 768w\" alt=\"\" width=\"1008\" height=\"756\" \/><\/a><\/p>\n<ul>\n<li><img decoding=\"async\" class=\"avatar avatar-20 photo\" src=\"https:\/\/secure.gravatar.com\/avatar\/e2e7c36ef1803eccbab3deb2cbb68f4c?s=20&amp;d=mm&amp;r=g\" srcset=\"https:\/\/secure.gravatar.com\/avatar\/e2e7c36ef1803eccbab3deb2cbb68f4c?s=40&amp;d=mm&amp;r=g 2x\" alt=\"\" width=\"20\" height=\"20\" \/><br \/>\nadmin<\/li>\n<li>Commentaire (0)<\/li>\n<\/ul>\n<h2><a href=\"https:\/\/univ-maroua.com\/fseg\/resultats-et-palmares-2019\/\">R\u00e9sultats et Palmar\u00e8s 2019<\/a><\/h2>\n<p><a href=\"https:\/\/univ-maroua.com\/fseg\/la-fseg-de-luniv-maroua-vous-souhaite-une-bonne-rentree-academique-2019-2020\/\"><img loading=\"lazy\" decoding=\"async\" src=\"https:\/\/univ-maroua.com\/fseg\/wp-content\/uploads\/2017\/01\/01-1-1.jpg\" sizes=\"(max-width: 1080px) 100vw, 1080px\" srcset=\"https:\/\/univ-maroua.com\/fseg\/wp-content\/uploads\/2017\/01\/01-1-1.jpg 1080w, https:\/\/univ-maroua.com\/fseg\/wp-content\/uploads\/2017\/01\/01-1-1-300x225.jpg 300w, https:\/\/univ-maroua.com\/fseg\/wp-content\/uploads\/2017\/01\/01-1-1-1024x767.jpg 1024w, https:\/\/univ-maroua.com\/fseg\/wp-content\/uploads\/2017\/01\/01-1-1-768x575.jpg 768w\" alt=\"\" width=\"1080\" height=\"809\" \/><\/a><\/p>\n<ul>\n<li><img decoding=\"async\" class=\"avatar avatar-20 photo\" src=\"https:\/\/secure.gravatar.com\/avatar\/e2e7c36ef1803eccbab3deb2cbb68f4c?s=20&amp;d=mm&amp;r=g\" srcset=\"https:\/\/secure.gravatar.com\/avatar\/e2e7c36ef1803eccbab3deb2cbb68f4c?s=40&amp;d=mm&amp;r=g 2x\" alt=\"\" width=\"20\" height=\"20\" \/><br \/>\nadmin<\/li>\n<li>Commentaire (0)<\/li>\n<\/ul>\n<h2><a href=\"https:\/\/univ-maroua.com\/fseg\/la-fseg-de-luniv-maroua-vous-souhaite-une-bonne-rentree-academique-2019-2020\/\">La FSEG de l\u2019Univ-Maroua vous souhaite une bonne<\/a><\/h2>\n<p>&nbsp;<\/p>\n<ul>\n<li><img decoding=\"async\" class=\"avatar avatar-20 photo\" src=\"https:\/\/secure.gravatar.com\/avatar\/e2e7c36ef1803eccbab3deb2cbb68f4c?s=20&amp;d=mm&amp;r=g\" srcset=\"https:\/\/secure.gravatar.com\/avatar\/e2e7c36ef1803eccbab3deb2cbb68f4c?s=40&amp;d=mm&amp;r=g 2x\" alt=\"\" width=\"20\" height=\"20\" \/><br \/>\nadmin<\/li>\n<li>Commentaire (0)<\/li>\n<\/ul>\n<h2><a href=\"https:\/\/univ-maroua.com\/fseg\/resultats-academiques-2017-2018-semestre-1\/\">R\u00e9sultats acad\u00e9miques 2017\/2018 Semestre 1<\/a><\/h2>\n<p>Niveau Fili\u00e8re T\u00e9l\u00e9charger 1 MCV 1 Semestre 1 2017\/2018 2 MCV 2 Semestre 1 2017\/2018 3 MCV 3 Semestre 1<\/p>\n<p><a href=\"https:\/\/univ-maroua.com\/fseg\/resultats-session-normale-master-pro-2018-2019-semestre-1\/\"><img fetchpriority=\"high\" decoding=\"async\" src=\"https:\/\/univ-maroua.com\/fseg\/wp-content\/uploads\/2017\/02\/06-1.jpg\" sizes=\"(max-width: 1008px) 100vw, 1008px\" srcset=\"https:\/\/univ-maroua.com\/fseg\/wp-content\/uploads\/2017\/02\/06-1.jpg 1008w, https:\/\/univ-maroua.com\/fseg\/wp-content\/uploads\/2017\/02\/06-1-300x225.jpg 300w, https:\/\/univ-maroua.com\/fseg\/wp-content\/uploads\/2017\/02\/06-1-768x576.jpg 768w\" alt=\"\" width=\"1008\" height=\"756\" \/><\/a><\/p>\n<ul>\n<li><img decoding=\"async\" class=\"avatar avatar-20 photo\" src=\"https:\/\/secure.gravatar.com\/avatar\/e2e7c36ef1803eccbab3deb2cbb68f4c?s=20&amp;d=mm&amp;r=g\" srcset=\"https:\/\/secure.gravatar.com\/avatar\/e2e7c36ef1803eccbab3deb2cbb68f4c?s=40&amp;d=mm&amp;r=g 2x\" alt=\"\" width=\"20\" height=\"20\" \/><br \/>\nadmin<\/li>\n<li>Commentaire (0)<\/li>\n<\/ul>\n<h2><a href=\"https:\/\/univ-maroua.com\/fseg\/resultats-session-normale-master-pro-2018-2019-semestre-1\/\">R\u00e9sultats Session Normale Master Pro 2018-2019 Semestre 1<\/a><\/h2>\n<p>Niveau Fili\u00e8re T\u00e9l\u00e9charger 1 M1AE Semestre 1 2018-2019 1 M1GRH Semestre 1 2018-2019<\/p>\n","protected":false},"excerpt":{"rendered":"<p>R\u00c9SULTATS DES REQU\u00caTES S1SR 2023-2024 L1EG-RESULTATS REQUETES-S1SR-2023-2024 L2EG-RESULTATS REQUETES-S1SR-2023-2024 L3CF-RESULTATS REQUETES-S1SR-2023-2024 L3EG-RESULTATS REQUETES-S1SR-2023-2024 L3MCV-RESULTATS REQUETES-S1SR-2023-2024 M1EA-RESULTATS REQUETES-S1SR-2023-2024 M1MO-RESULTATS REQUETES-S1SR-2023-2024 &nbsp; R\u00c9SULTATS DES REQU\u00caTES S1SN 2023-2024 *L1EG-RESULTATS REQUETES-SNS1-2023-2024 L2EG-RESULTATS REQUETES-SNS1-2023-2024 *L3CF-RESULTATS REQUETES-SNS1-2023-2024\u00a0 L3ECEM-RESULTATS REQUETES-SNS1-2023-2024 L3EG-RESULTATS REQUETES-SNS1-2023-2024 L3MCV-RESULTATS REQUETES-SNS1-2023-2024 M1EA-RESULTATS REQUETES-SNS1-2023-2024 M1MO-RESULTATS REQUETES-SNS1-2023-2024 FSEG -Universit\u00e9 de Maroua Informations Actualit\u00e9s admin Commentaire (0) R\u00e9sultats Session de rattrapage 1er [&hellip;]<\/p>\n","protected":false},"author":1,"featured_media":0,"parent":3288,"menu_order":0,"comment_status":"closed","ping_status":"closed","template":"magezix-template.php","meta":{"inline_featured_image":false,"footnotes":""},"class_list":["post-3290","page","type-page","status-publish","hentry"],"_links":{"self":[{"href":"https:\/\/univ-maroua.com\/fseg\/wp-json\/wp\/v2\/pages\/3290","targetHints":{"allow":["GET"]}}],"collection":[{"href":"https:\/\/univ-maroua.com\/fseg\/wp-json\/wp\/v2\/pages"}],"about":[{"href":"https:\/\/univ-maroua.com\/fseg\/wp-json\/wp\/v2\/types\/page"}],"author":[{"embeddable":true,"href":"https:\/\/univ-maroua.com\/fseg\/wp-json\/wp\/v2\/users\/1"}],"replies":[{"embeddable":true,"href":"https:\/\/univ-maroua.com\/fseg\/wp-json\/wp\/v2\/comments?post=3290"}],"version-history":[{"count":22,"href":"https:\/\/univ-maroua.com\/fseg\/wp-json\/wp\/v2\/pages\/3290\/revisions"}],"predecessor-version":[{"id":4185,"href":"https:\/\/univ-maroua.com\/fseg\/wp-json\/wp\/v2\/pages\/3290\/revisions\/4185"}],"up":[{"embeddable":true,"href":"https:\/\/univ-maroua.com\/fseg\/wp-json\/wp\/v2\/pages\/3288"}],"wp:attachment":[{"href":"https:\/\/univ-maroua.com\/fseg\/wp-json\/wp\/v2\/media?parent=3290"}],"curies":[{"name":"wp","href":"https:\/\/api.w.org\/{rel}","templated":true}]}}